{"id":4024,"date":"2017-12-26T06:59:04","date_gmt":"2017-12-26T06:59:04","guid":{"rendered":"http:\/\/ultranetxxi.net\/sitio\/?post_type=product&#038;p=4024"},"modified":"2019-11-16T17:52:28","modified_gmt":"2019-11-16T17:52:28","slug":"rastreador-gps-para-vehiculos","status":"publish","type":"product","link":"https:\/\/ultranetxxi.net\/sitio\/producto\/rastreador-gps-para-vehiculos\/","title":{"rendered":"Rastreador GPS &#8211; Para veh\u00edculos"},"content":{"rendered":"<section class=\"l-section wpb_row height_medium\"><div class=\"l-section-h i-cf\"><div class=\"g-cols type_default\"><div class=\"vc_col-sm-12 wpb_column vc_column_container\"><div class=\"vc_column-inner\"><div class=\"wpb_wrapper\"><div id=\"ultimate-heading-799169e151a7caa07\" class=\"uvc-heading ult-adjust-bottom-margin ultimate-heading-799169e151a7caa07 uvc-7567 \" data-hspacer=\"no_spacer\"  data-halign=\"left\" style=\"text-align:left\"><div class=\"uvc-heading-spacer no_spacer\" style=\"top\"><\/div><div class=\"uvc-main-heading ult-responsive\"  data-ultimate-target='.uvc-heading.ultimate-heading-799169e151a7caa07 h2'  data-responsive-json-new='{\"font-size\":\"desktop:18px;\",\"line-height\":\"\"}' ><h2 style=\"font-weight:normal;\">El rastreador fijo m\u00e1s confiable del mercado, protecci\u00f3n para veh\u00edculos y maquinaria.<\/h2><\/div><\/div><div class=\"w-separator type_default size_small thick_1 style_solid color_border cont_none\"><span class=\"w-separator-h\"><\/span><\/div><div class=\"wpb_text_column \"><div class=\"wpb_wrapper\"><p>Utiliza nuestro localizador GPS para carros, motos o maquinaria y\u00a0localiza al instante tus bienes. Cuenta con seguimiento en tiempo real, podr\u00e1s configurar Geo-cercas para ser alertado del ingreso o egreso de zonas que podr\u00e1s definir f\u00e1cilmente. Podr\u00e1s visualizar las rutas hist\u00f3ricas, distancia recorrida, velocidad del veh\u00edculo y mucho m\u00e1s, tanto desde la palma de tu mano en nuestra app o directo en la computadora.<\/p>\n<p>Utilizarlo ser\u00e1 muy f\u00e1cil ya que se entrega completamente configurado para que comiences a localizar lo m\u00e1s importante para ti desde el primer minuto.<\/p><\/div> <\/div> <div class=\"g-cols wpb_row type_default vc_inner \"><div class=\"vc_col-sm-12 wpb_column vc_column_container\"><div class=\"vc_column-inner\"><div class=\"wpb_wrapper\"><div class=\"smile_icon_list_wrap ult-adjust-bottom-margin  \"><ul class=\"smile_icon_list left circle with_bg\"><li class=\"icon_list_item\" style=\" font-size:27px;\"><div class=\"icon_list_icon\" data-animation=\"\" data-animation-delay=\"03\" style=\"font-size:9px;border-width:1px;border-style:none;background:#1e73be;color:#ffffff;border-color:#333333;\"><i class=\"Defaults-check\" ><\/i><\/div><div class=\"icon_description\" id=\"Info-list-wrap-4848\"><h3 class=\"ult-responsive\"  data-ultimate-target='#Info-list-wrap-4848 h3'  data-responsive-json-new='{\"font-size\":\"desktop:16px;\",\"line-height\":\"desktop:24px;\"}'  style=\"\">Precisi\u00f3n de 5 metros<\/h3><div class=\"icon_description_text ult-responsive\"  data-ultimate-target='#Info-list-wrap-4848 .icon_description_text'  data-responsive-json-new='{\"font-size\":\"desktop:13px;\",\"line-height\":\"desktop:18px;\"}'  style=\"\"><\/div><\/div><div class=\"icon_list_connector\"  style=\"border-color:;\"><\/div><\/li><li class=\"icon_list_item\" style=\" font-size:27px;\"><div class=\"icon_list_icon\" data-animation=\"\" data-animation-delay=\"03\" style=\"font-size:9px;border-width:1px;border-style:none;background:#1e73be;color:#ffffff;border-color:#333333;\"><i class=\"Defaults-check\" ><\/i><\/div><div class=\"icon_description\" id=\"Info-list-wrap-3991\"><h3 class=\"ult-responsive\"  data-ultimate-target='#Info-list-wrap-3991 h3'  data-responsive-json-new='{\"font-size\":\"desktop:16px;\",\"line-height\":\"desktop:24px;\"}'  style=\"\">Conexi\u00f3n directa a la energ\u00eda del veh\u00edculo desde 12 a 48 volts DC<\/h3><div class=\"icon_description_text ult-responsive\"  data-ultimate-target='#Info-list-wrap-3991 .icon_description_text'  data-responsive-json-new='{\"font-size\":\"desktop:13px;\",\"line-height\":\"desktop:18px;\"}'  style=\"\"><\/div><\/div><div class=\"icon_list_connector\"  style=\"border-color:;\"><\/div><\/li><li class=\"icon_list_item\" style=\" font-size:27px;\"><div class=\"icon_list_icon\" data-animation=\"\" data-animation-delay=\"03\" style=\"font-size:9px;border-width:1px;border-style:none;background:#1e73be;color:#ffffff;border-color:#333333;\"><i class=\"Defaults-check\" ><\/i><\/div><div class=\"icon_description\" id=\"Info-list-wrap-1035\"><h3 class=\"ult-responsive\"  data-ultimate-target='#Info-list-wrap-1035 h3'  data-responsive-json-new='{\"font-size\":\"desktop:16px;\",\"line-height\":\"desktop:24px;\"}'  style=\"\">Bater\u00eda interna de respaldo de 340 mah<\/h3><div class=\"icon_description_text ult-responsive\"  data-ultimate-target='#Info-list-wrap-1035 .icon_description_text'  data-responsive-json-new='{\"font-size\":\"desktop:13px;\",\"line-height\":\"desktop:18px;\"}'  style=\"\"><\/div><\/div><div class=\"icon_list_connector\"  style=\"border-color:;\"><\/div><\/li><li class=\"icon_list_item\" style=\" font-size:27px;\"><div class=\"icon_list_icon\" data-animation=\"\" data-animation-delay=\"03\" style=\"font-size:9px;border-width:1px;border-style:none;background:#1e73be;color:#ffffff;border-color:#333333;\"><i class=\"Defaults-check\" ><\/i><\/div><div class=\"icon_description\" id=\"Info-list-wrap-3537\"><h3 class=\"ult-responsive\"  data-ultimate-target='#Info-list-wrap-3537 h3'  data-responsive-json-new='{\"font-size\":\"desktop:16px;\",\"line-height\":\"desktop:24px;\"}'  style=\"\">Seguimiento en vivo en nuestra app y portal de rastreo<\/h3><div class=\"icon_description_text ult-responsive\"  data-ultimate-target='#Info-list-wrap-3537 .icon_description_text'  data-responsive-json-new='{\"font-size\":\"desktop:13px;\",\"line-height\":\"desktop:18px;\"}'  style=\"\"><\/div><\/div><div class=\"icon_list_connector\"  style=\"border-color:;\"><\/div><\/li><li class=\"icon_list_item\" style=\" font-size:27px;\"><div class=\"icon_list_icon\" data-animation=\"\" data-animation-delay=\"03\" style=\"font-size:9px;border-width:1px;border-style:none;background:#1e73be;color:#ffffff;border-color:#333333;\"><i class=\"Defaults-check\" ><\/i><\/div><div class=\"icon_description\" id=\"Info-list-wrap-1772\"><h3 class=\"ult-responsive\"  data-ultimate-target='#Info-list-wrap-1772 h3'  data-responsive-json-new='{\"font-size\":\"desktop:16px;\",\"line-height\":\"desktop:24px;\"}'  style=\"\">Instala un chip con saldo y estar\u00e1 listo para funcionar<\/h3><div class=\"icon_description_text ult-responsive\"  data-ultimate-target='#Info-list-wrap-1772 .icon_description_text'  data-responsive-json-new='{\"font-size\":\"desktop:13px;\",\"line-height\":\"desktop:18px;\"}'  style=\"\"><\/div><\/div><div class=\"icon_list_connector\"  style=\"border-color:;\"><\/div><\/li><\/ul><\/div><div class=\"wpb_text_column \"><div class=\"wpb_wrapper\"><p>El rastreador GPS requiere un chip celular con saldo para enviar peri\u00f3dicamente su ubicaci\u00f3n (no incluido).<\/p>\n<p>Incluye uso de nuestra plataforma de localizaci\u00f3n profesional por 1 a\u00f1o.<\/p>\n<p>La instalaci\u00f3n es muy sencilla, la puedes realizar tu mismo, se incluye diagrama de conexi\u00f3n de 2 pasos. Si lo deseas se puede agendar una instalaci\u00f3n con costo extra en la zona metropolitana.<\/p>\n<p>El costo de la renovaci\u00f3n anual de la plataforma de rastreo es de\u00a01,990 pesos.<\/p><\/div> <\/div> <\/div><\/div><\/div><\/div><\/div><\/div><\/div><\/div><\/div><\/section>\n","protected":false},"excerpt":{"rendered":"<p>Env\u00edo a toda la Rep\u00fablica Mexicana por solo 49 pesos.<br \/>\nContamos con pago a meses sin intereses.<\/p>\n","protected":false},"featured_media":4025,"template":"","meta":[],"_links":{"self":[{"href":"https:\/\/ultranetxxi.net\/sitio\/wp-json\/wp\/v2\/product\/4024"}],"collection":[{"href":"https:\/\/ultranetxxi.net\/sitio\/wp-json\/wp\/v2\/product"}],"about":[{"href":"https:\/\/ultranetxxi.net\/sitio\/wp-json\/wp\/v2\/types\/product"}],"wp:featuredmedia":[{"embeddable":true,"href":"https:\/\/ultranetxxi.net\/sitio\/wp-json\/wp\/v2\/media\/4025"}],"wp:attachment":[{"href":"https:\/\/ultranetxxi.net\/sitio\/wp-json\/wp\/v2\/media?parent=4024"}],"curies":[{"name":"wp","href":"https:\/\/api.w.org\/{rel}","templated":true}]}}