{"id":3426,"date":"2015-01-07T02:31:54","date_gmt":"2015-01-07T02:31:54","guid":{"rendered":"http:\/\/ultranetxxi.net\/sitio\/?page_id=3426"},"modified":"2022-05-31T06:56:58","modified_gmt":"2022-05-31T06:56:58","slug":"vpn-navegacion-segura-y-sin-restricciones-en-internet","status":"publish","type":"page","link":"https:\/\/ultranetxxi.net\/sitio\/vpn-navegacion-segura-y-sin-restricciones-en-internet\/","title":{"rendered":"VPN &#8211; Navegaci\u00f3n segura y sin restricciones en Internet."},"content":{"rendered":"<section class=\"l-section wpb_row height_medium color_primary\"><div class=\"l-section-h i-cf\"><div class=\"g-cols type_default\"><div class=\"vc_col-sm-12 wpb_column vc_column_container\"><div class=\"vc_column-inner\"><div class=\"wpb_wrapper\"><div class=\"wpb_text_column \"><div class=\"wpb_wrapper\">\n<h1 style=\"text-align: center\">VPN &#8211; Navegaci\u00f3n segura sin restricciones.<\/h1>\n<h4 style=\"text-align: center\">Acceda de forma segura a contenido internacional sin importar su ubicaci\u00f3n geogr\u00e1fica.<\/h4>\n<\/div> <\/div> <\/div><\/div><\/div><\/div><\/div><\/section><section class=\"l-section wpb_row height_medium\"><div class=\"l-section-h i-cf\"><div class=\"g-cols type_default\"><div class=\"vc_col-sm-12 wpb_column vc_column_container\"><div class=\"vc_column-inner\"><div class=\"wpb_wrapper\"><div class=\"g-cols wpb_row type_default vc_inner \"><div class=\"vc_col-sm-6 wpb_column vc_column_container\"><div class=\"vc_column-inner\"><div class=\"wpb_wrapper\"><div class=\"wpb_text_column \"><div class=\"wpb_wrapper\">\n<h4>VPN con IP Americana.<\/h4>\n<p>Utilice nuestro servicio de VPN para poder disfrutar de una navegaci\u00f3n sin restricciones ni fronteras. Es gracias a nuestro servicio VPN que podr\u00e1 disfrutar de cualquier servicio en Internet sin importar del pa\u00eds en el que se encuentre. Nuestro servicio VPN cuenta con servidores localizados en USA, de esta forma gozar\u00e1 de navegaci\u00f3n con \u00abIP americana\u00bb.<\/div> <\/div> <\/div><\/div><\/div><div class=\"vc_col-sm-6 wpb_column vc_column_container\"><div class=\"vc_column-inner\"><div class=\"wpb_wrapper\"><div class=\"w-image\"><div class=\"us-frame\"><img width=\"418\" height=\"210\" src=\"https:\/\/ultranetxxi.net\/sitio\/wp-content\/uploads\/2015\/01\/vpn-ip-americana.jpg\" class=\"attachment-full size-full\" alt=\"\" loading=\"lazy\" srcset=\"https:\/\/ultranetxxi.net\/sitio\/wp-content\/uploads\/2015\/01\/vpn-ip-americana.jpg 418w, https:\/\/ultranetxxi.net\/sitio\/wp-content\/uploads\/2015\/01\/vpn-ip-americana-300x151.jpg 300w\" sizes=\"(max-width: 418px) 100vw, 418px\" \/><\/div><\/div><\/div><\/div><\/div><\/div><div class=\"g-cols wpb_row type_default vc_inner \"><div class=\"vc_col-sm-12 wpb_column vc_column_container\"><div class=\"vc_column-inner\"><div class=\"wpb_wrapper\"><div class=\"w-separator type_default size_medium thick_1 style_solid color_border cont_icon\"><span class=\"w-separator-h\"><i class=\"fa fa-chevron-down\"><\/i><\/span><\/div><\/div><\/div><\/div><\/div><div class=\"g-cols wpb_row type_default vc_inner \"><div class=\"vc_col-sm-6 wpb_column vc_column_container\"><div class=\"vc_column-inner\"><div class=\"wpb_wrapper\"><div class=\"w-image\"><div class=\"us-frame\"><img width=\"418\" height=\"210\" src=\"https:\/\/ultranetxxi.net\/sitio\/wp-content\/uploads\/2015\/01\/web-devices3.jpg\" class=\"attachment-full size-full\" alt=\"\" loading=\"lazy\" srcset=\"https:\/\/ultranetxxi.net\/sitio\/wp-content\/uploads\/2015\/01\/web-devices3.jpg 418w, https:\/\/ultranetxxi.net\/sitio\/wp-content\/uploads\/2015\/01\/web-devices3-300x151.jpg 300w\" sizes=\"(max-width: 418px) 100vw, 418px\" \/><\/div><\/div><\/div><\/div><\/div><div class=\"vc_col-sm-6 wpb_column vc_column_container\"><div class=\"vc_column-inner\"><div class=\"wpb_wrapper\"><div class=\"wpb_text_column \"><div class=\"wpb_wrapper\">\n<h4>Compatibilidad con cualquier dispositivo.<\/h4>\n<p>Podr\u00e1s navegar utilizando nuestra VPN con cualquier dispositivo, incluyendo smartphones IOS, Android, equipos Windows o Mac, todo de una forma simple y f\u00e1cil de configurar. Como opci\u00f3n adicional si deseas a\u00fan mayor facilidad contamos con un router configurado con IP americana listo para conectar y comenzar a navegar sin necesidad de configuraciones adicionales en tus equipos.<\/div> <\/div> <\/div><\/div><\/div><\/div><div class=\"g-cols wpb_row type_default vc_inner \"><div class=\"vc_col-sm-12 wpb_column vc_column_container\"><div class=\"vc_column-inner\"><div class=\"wpb_wrapper\"><div class=\"w-separator type_default size_medium thick_1 style_solid color_border cont_icon\"><span class=\"w-separator-h\"><i class=\"fa fa-chevron-down\"><\/i><\/span><\/div><\/div><\/div><\/div><\/div><div class=\"g-cols wpb_row type_default vc_inner \"><div class=\"vc_col-sm-8 wpb_column vc_column_container\"><div class=\"vc_column-inner\"><div class=\"wpb_wrapper\"><div class=\"wpb_text_column \"><div class=\"wpb_wrapper\">\n<h4>La mejor VPN en M\u00e9xico al mejor precio.<\/h4>\n<p>Contrata hoy mismo por el mejor precio. <strong>Solo $69 pesos mensuales.<\/strong> Recibe 2 meses gratis al contratar 1 a\u00f1o.<\/div> <\/div> <\/div><\/div><\/div><div class=\"vc_col-sm-4 wpb_column vc_column_container\"><div class=\"vc_column-inner\"><div class=\"wpb_wrapper\"><div class=\"wpb_text_column \"><div class=\"wpb_wrapper\">\n<h6>Solo $69 pesos mensuales.<\/h6>\n<p>Trafico ilimitado. Perfecto para streaming.<\/div> <\/div> <div class=\"w-btn-wrapper align_left\"><a class=\"w-btn style_solid color_red icon_atleft\" href=\"http:\/\/ultranetxxi.net\/acceso\/signup\/index\/c\/vpn\"><i class=\"fa fa-star\"><\/i><span class=\"w-btn-label\">Contratar VPN ahora mismo<\/span><\/a><\/div><\/div><\/div><\/div><\/div><div class=\"g-cols wpb_row type_default vc_inner \"><div class=\"vc_col-sm-12 wpb_column vc_column_container\"><div class=\"vc_column-inner\"><div class=\"wpb_wrapper\"><div class=\"w-separator type_default size_medium thick_1 style_solid color_border cont_icon\"><span class=\"w-separator-h\"><i class=\"fa fa-chevron-down\"><\/i><\/span><\/div><\/div><\/div><\/div><\/div><div class=\"g-cols wpb_row type_default vc_inner \"><div class=\"vc_col-sm-12 wpb_column vc_column_container\"><div class=\"vc_column-inner\"><div class=\"wpb_wrapper\"><div class=\"wpb_text_column \"><div class=\"wpb_wrapper\"><p>Estos son algunos de los servicios a los que podr\u00e1s tener acceso con nuestro servicio VPN con \u00abIP americana\u00bb: <div class=\"w-logos style_1 type_carousel cols_5\" data-items=\"5\" data-autoplay=\"0\" data-timeout=\"3000\" data-nav=\"0\" data-dots=\"0\"><a class=\"w-logos-item style_1 type_carousel cols_5\" href=\"http:\/\/#\"><img width=\"244\" height=\"97\" src=\"https:\/\/ultranetxxi.net\/sitio\/wp-content\/uploads\/2015\/01\/netflix.jpg\" class=\"attachment-medium size-medium\" alt=\"\" loading=\"lazy\" \/><\/a><a class=\"w-logos-item style_1 type_carousel cols_5\" href=\"http:\/\/#\"><img width=\"244\" height=\"97\" src=\"https:\/\/ultranetxxi.net\/sitio\/wp-content\/uploads\/2015\/01\/amazon.jpg\" class=\"attachment-medium size-medium\" alt=\"\" loading=\"lazy\" \/><\/a><a class=\"w-logos-item style_1 type_carousel cols_5\" href=\"http:\/\/#\"><img width=\"244\" height=\"97\" src=\"https:\/\/ultranetxxi.net\/sitio\/wp-content\/uploads\/2015\/01\/spotify.jpg\" class=\"attachment-medium size-medium\" alt=\"\" loading=\"lazy\" \/><\/a><a class=\"w-logos-item style_1 type_carousel cols_5\" href=\"http:\/\/#\"><img width=\"244\" height=\"97\" src=\"https:\/\/ultranetxxi.net\/sitio\/wp-content\/uploads\/2015\/01\/pandora.jpg\" class=\"attachment-medium size-medium\" alt=\"\" loading=\"lazy\" \/><\/a><a class=\"w-logos-item style_1 type_carousel cols_5\" href=\"http:\/\/#\"><img width=\"244\" height=\"97\" src=\"https:\/\/ultranetxxi.net\/sitio\/wp-content\/uploads\/2015\/01\/vevo.jpg\" class=\"attachment-medium size-medium\" alt=\"\" loading=\"lazy\" \/><\/a><a class=\"w-logos-item style_1 type_carousel cols_5\" href=\"http:\/\/#\"><img width=\"244\" height=\"97\" src=\"https:\/\/ultranetxxi.net\/sitio\/wp-content\/uploads\/2015\/01\/hulu.jpg\" class=\"attachment-medium size-medium\" alt=\"\" loading=\"lazy\" \/><\/a><a class=\"w-logos-item style_1 type_carousel cols_5\" href=\"http:\/\/#\"><img width=\"244\" height=\"97\" src=\"https:\/\/ultranetxxi.net\/sitio\/wp-content\/uploads\/2015\/01\/netflix.jpg\" class=\"attachment-medium size-medium\" alt=\"\" loading=\"lazy\" \/><\/a><\/div> \u00bfSab\u00edas que el catalogo de Netflix tiene <strong>m\u00e1s de 70,000 t\u00edtulos<\/strong> disponibles en Estados Unidos pero solo 5,000 para M\u00e9xico? Podr\u00e1s disfrutar de todo su catalogo con nuestro servicio de VPN con IP americana.<\/p><\/div> <\/div> <\/div><\/div><\/div><\/div><div class=\"g-cols wpb_row type_default vc_inner \"><div class=\"vc_col-sm-12 wpb_column vc_column_container\"><div class=\"vc_column-inner\"><div class=\"wpb_wrapper\"><div class=\"w-separator type_invisible size_medium thick_1 style_solid color_border cont_icon\"><span class=\"w-separator-h\"><i class=\"fa fa-star\"><\/i><\/span><\/div><\/div><\/div><\/div><\/div><div class=\"g-cols wpb_row type_default vc_inner \"><div class=\"vc_col-sm-6 wpb_column vc_column_container\"><div class=\"vc_column-inner\"><div class=\"wpb_wrapper\"><div class=\"w-tabs layout_default icon_chevron iconpos_right \"><div class=\"w-tabs-list items_2\"><div class=\"w-tabs-list-h\"><div class=\"w-tabs-item active\"><div class=\"w-tabs-item-h\"><span class=\"w-tabs-item-title\">Router VPN con IP americana<\/span><\/div><\/div>\n<div class=\"w-tabs-item\"><div class=\"w-tabs-item-h\"><span class=\"w-tabs-item-title\">Preguntas frecuentes<\/span><\/div><\/div>\n<\/div><\/div><div class=\"w-tabs-sections\"><div class=\"w-tabs-sections-h\"><div class=\"w-tabs-section active\"><div class=\"w-tabs-section-header\"><div class=\"w-tabs-section-header-h\"><h5 class=\"w-tabs-section-title\">Router VPN con IP americana<\/h5><div class=\"w-tabs-section-control\"><\/div><\/div><\/div><div class=\"w-tabs-section-content\"><div class=\"w-tabs-section-content-h i-cf\"><div class=\"wpb_text_column \"><div class=\"wpb_wrapper\"><p>Con nuestro Router con IP americana podr\u00e1s comenzar tu navegaci\u00f3n segura y sin restricciones de la forma m\u00e1s sencilla posible ya que solo tendr\u00e1s que conectarlo a una fuente de energ\u00eda y a tu m\u00f3dem de Infinitum (o cualquier otro proveedor) para comenzar a navegar. El router <strong>incluye 1 a\u00f1o de servicio de VPN<\/strong> con IP americana.<\/p><\/div> <\/div> <div class=\"w-separator type_invisible size_medium thick_1 style_solid color_border cont_icon\"><span class=\"w-separator-h\"><i class=\"fa fa-star\"><\/i><\/span><\/div><div class=\"wpb_text_column \"><div class=\"wpb_wrapper\"><strong>Precio: $1,899 pesos.<\/strong><br \/>\n<div class=\"w-btn-wrapper align_left\"><a class=\"w-btn style_solid color_red icon_none\" href=\"http:\/\/ultranetxxi.net\/acceso\/signup\/index\/c\/vpn\"><span class=\"w-btn-label\">Ord\u00e9nalo ahora mismo<\/span><\/a><\/div><\/div> <\/div> <\/div><\/div><\/div><div class=\"w-tabs-section\"><div class=\"w-tabs-section-header\"><div class=\"w-tabs-section-header-h\"><h5 class=\"w-tabs-section-title\">Preguntas frecuentes<\/h5><div class=\"w-tabs-section-control\"><\/div><\/div><\/div><div class=\"w-tabs-section-content\"><div class=\"w-tabs-section-content-h i-cf\"><div class=\"wpb_text_column \"><div class=\"wpb_wrapper\"><strong>\u00bfEl servicio incluye acceso a Netflix, Hulu, etc?<\/strong><br \/>\nNo, el servicio no incluye acceso a estos servicios, necesita contar con una suscripci\u00f3n activa con ellos. Al usar nuestro servicio podr\u00e1 desbloquear el acceso al catalogo de estos servicios disponible para Estados Unidos.<br \/>\n<strong>\u00bfCuales son sus m\u00e9todos de pago?<\/strong><br \/>\nPuede pagar en 7Eleven, con deposito en Banorte, transferencia bancaria, tiendas de Grupo Walmart o en l\u00ednea con cualquier tarjeta de cr\u00e9dito o d\u00e9bito.<br \/>\n<strong>\u00bfTengo m\u00e1s dudas, puedo contactarlos?<\/strong><br \/>\nClaro, puede escribirnos al correo: info@ultranetxxi.net o llamar al (55) 6641 4401 en horario de 10 a.m. a 6 p.m.<\/div> <\/div> <\/div><\/div><\/div><\/div><\/div><\/div><\/div><\/div><\/div><div class=\"vc_col-sm-6 wpb_column vc_column_container\"><div class=\"vc_column-inner\"><div class=\"wpb_wrapper\"><div class=\"w-image\"><div class=\"us-frame\"><img width=\"418\" height=\"210\" src=\"https:\/\/ultranetxxi.net\/sitio\/wp-content\/uploads\/2015\/01\/router-vpn-E2500-B.jpg\" class=\"attachment-full size-full\" alt=\"\" loading=\"lazy\" srcset=\"https:\/\/ultranetxxi.net\/sitio\/wp-content\/uploads\/2015\/01\/router-vpn-E2500-B.jpg 418w, https:\/\/ultranetxxi.net\/sitio\/wp-content\/uploads\/2015\/01\/router-vpn-E2500-B-300x151.jpg 300w\" sizes=\"(max-width: 418px) 100vw, 418px\" \/><\/div><\/div><div class=\"wpb_text_column \"><div class=\"wpb_wrapper\"><em>Router Linksys, excelente para uso intensivo y optimizado para video streaming HD.\u00a0Podemos enviarlo directo a tu hogar o puedes recogerlo en nuestra ubicaci\u00f3n en el D.F.<\/em><\/div> <\/div> <\/div><\/div><\/div><\/div><\/div><\/div><\/div><\/div><\/div><\/section><section class=\"l-section wpb_row height_medium color_primary with_img\"><div class=\"l-section-img\" style=\"background-image: url(https:\/\/ultranetxxi.net\/sitio\/wp-content\/uploads\/2015\/01\/green-and-blue-largeB.jpg);\" data-img-width=\"1920\" data-img-height=\"382\"><\/div><div class=\"l-section-h i-cf\"><div class=\"g-cols type_default\"><div class=\"vc_col-sm-8 wpb_column vc_column_container\"><div class=\"vc_column-inner\"><div class=\"wpb_wrapper\"><div class=\"wpb_text_column \"><div class=\"wpb_wrapper\">\n<h4>\u00bfNecesitas convencerte?<\/h4>\n<h6>Prueba gratis nuestro servicio de VPN durante 7 d\u00edas.<\/h6>\n<p><em>*Requiere activaci\u00f3n manual y pago de 1 peso con Paypal.<\/em><\/div> <\/div> <\/div><\/div><\/div><div class=\"vc_col-sm-4 wpb_column vc_column_container\"><div class=\"vc_column-inner\"><div class=\"wpb_wrapper\"><div class=\"w-separator type_invisible size_medium thick_1 style_solid color_border cont_icon\"><span class=\"w-separator-h\"><i class=\"fa fa-star\"><\/i><\/span><\/div><div class=\"w-btn-wrapper align_left\"><a class=\"w-btn style_solid color_green icon_none\" href=\"http:\/\/ultranetxxi.net\/acceso\/signup\/index\/c\/vpn-trial\"><span class=\"w-btn-label\">Iniciar prueba gratis VPN<\/span><\/a><\/div><\/div><\/div><\/div><\/div><\/div><\/section>\n","protected":false},"excerpt":{"rendered":"VPN - Navegaci\u00f3n segura sin restricciones. Acceda de forma segura a contenido internacional sin importar su ubicaci\u00f3n geogr\u00e1fica. VPN con IP Americana. Utilice nuestro servicio de VPN para poder disfrutar de una navegaci\u00f3n sin restricciones ni fronteras. Es gracias a...","protected":false},"author":1,"featured_media":0,"parent":0,"menu_order":0,"comment_status":"closed","ping_status":"closed","template":"","meta":[],"_links":{"self":[{"href":"https:\/\/ultranetxxi.net\/sitio\/wp-json\/wp\/v2\/pages\/3426"}],"collection":[{"href":"https:\/\/ultranetxxi.net\/sitio\/wp-json\/wp\/v2\/pages"}],"about":[{"href":"https:\/\/ultranetxxi.net\/sitio\/wp-json\/wp\/v2\/types\/page"}],"author":[{"embeddable":true,"href":"https:\/\/ultranetxxi.net\/sitio\/wp-json\/wp\/v2\/users\/1"}],"replies":[{"embeddable":true,"href":"https:\/\/ultranetxxi.net\/sitio\/wp-json\/wp\/v2\/comments?post=3426"}],"version-history":[{"count":64,"href":"https:\/\/ultranetxxi.net\/sitio\/wp-json\/wp\/v2\/pages\/3426\/revisions"}],"predecessor-version":[{"id":4146,"href":"https:\/\/ultranetxxi.net\/sitio\/wp-json\/wp\/v2\/pages\/3426\/revisions\/4146"}],"wp:attachment":[{"href":"https:\/\/ultranetxxi.net\/sitio\/wp-json\/wp\/v2\/media?parent=3426"}],"curies":[{"name":"wp","href":"https:\/\/api.w.org\/{rel}","templated":true}]}}