{"id":3292,"date":"2014-05-27T06:09:44","date_gmt":"2014-05-27T06:09:44","guid":{"rendered":"http:\/\/ultranetxxi.net\/sitio\/?page_id=3292"},"modified":"2022-05-31T06:50:57","modified_gmt":"2022-05-31T06:50:57","slug":"servidores-virtuales-cloud","status":"publish","type":"page","link":"https:\/\/ultranetxxi.net\/sitio\/servidores-virtuales-cloud\/","title":{"rendered":"Servidores Virtuales Cloud"},"content":{"rendered":"<section class=\"l-section wpb_row height_medium color_primary\"><div class=\"l-section-h i-cf\"><div class=\"g-cols type_default\"><div class=\"vc_col-sm-12 wpb_column vc_column_container\"><div class=\"vc_column-inner\"><div class=\"wpb_wrapper\"><div class=\"wpb_text_column \"><div class=\"wpb_wrapper\">\n<h1 style=\"text-align: center;\">Servidores Virtuales\u00a0Cloud<\/h1>\n<h5 style=\"text-align: center;\">Logr\u00e9 m\u00e1xima eficiencia y seguridad para sus aplicaciones y sitios web con un entorno virtualizado.<\/h5>\n<\/div> <\/div> <\/div><\/div><\/div><\/div><\/div><\/section><section class=\"l-section wpb_row height_medium\"><div class=\"l-section-h i-cf\"><div class=\"g-cols type_default\"><div class=\"vc_col-sm-12 wpb_column vc_column_container\"><div class=\"vc_column-inner\"><div class=\"wpb_wrapper\"><div class=\"g-cols wpb_row type_default vc_inner \"><div class=\"vc_col-sm-12 wpb_column vc_column_container\"><div class=\"vc_column-inner\"><div class=\"wpb_wrapper\"><div class=\"wpb_text_column \"><div class=\"wpb_wrapper\"><p>Con nuestra nueva oferta de servidores virtuales podr\u00e1 tener la seguridad de ejecutar sus aplicaciones o sitios web en la infraestructura m\u00e1s moderna y solida. De el salto y logre <strong>mayor velocidad<\/strong> en su sitio web actual al migrar de un hospedaje compartido a un servidor cloud. Disfrute de la gran ventaja de contar con <strong>recursos dedicados<\/strong> para alcanzar el m\u00e1ximo desempe\u00f1o para sus sitios web o aplicaciones, podr\u00e1 elegir entre <strong>almacenamiento local SSD<\/strong> para aplicaciones de alto desempe\u00f1o o almacenamiento basado en Ceph de <strong>alta disponibilidad<\/strong>.<\/p><\/div> <\/div> <\/div><\/div><\/div><\/div><div class=\"g-cols wpb_row type_default vc_inner \"><div class=\"vc_col-sm-12 wpb_column vc_column_container\"><div class=\"vc_column-inner\"><div class=\"wpb_wrapper\"><div class=\"w-separator type_invisible size_medium thick_1 style_solid color_border cont_none\"><span class=\"w-separator-h\"><\/span><\/div><\/div><\/div><\/div><\/div><div class=\"g-cols wpb_row type_default vc_inner \"><div class=\"vc_col-sm-8 wpb_column vc_column_container\"><div class=\"vc_column-inner\"><div class=\"wpb_wrapper\"><div class=\"w-tabs layout_default icon_chevron iconpos_right \"><div class=\"w-tabs-list items_2\"><div class=\"w-tabs-list-h\"><div class=\"w-tabs-item active\"><div class=\"w-tabs-item-h\"><span class=\"w-tabs-item-title\">Servidores Linux<\/span><\/div><\/div>\n<div class=\"w-tabs-item\"><div class=\"w-tabs-item-h\"><span class=\"w-tabs-item-title\">Servidores Windows<\/span><\/div><\/div>\n<\/div><\/div><div class=\"w-tabs-sections\"><div class=\"w-tabs-sections-h\"><div class=\"w-tabs-section active\"><div class=\"w-tabs-section-header\"><div class=\"w-tabs-section-header-h\"><h5 class=\"w-tabs-section-title\">Servidores Linux<\/h5><div class=\"w-tabs-section-control\"><\/div><\/div><\/div><div class=\"w-tabs-section-content\"><div class=\"w-tabs-section-content-h i-cf\"><div class=\"w-pricing style_1 items_3\"><div class=\"w-pricing-item type_default\"><div class=\"w-pricing-item-h\"><div class=\"w-pricing-item-header\"><h5 class=\"w-pricing-item-title\">Linux 2<\/h5><div class=\"w-pricing-item-price\">$28<small>USD<\/small><\/div><\/div><ul class=\"w-pricing-item-features\"><li class=\"w-pricing-item-feature\">2 Cores<\/li><li class=\"w-pricing-item-feature\">2 GB en RAM<\/li><li class=\"w-pricing-item-feature\">35 GB SSD<\/li><li class=\"w-pricing-item-feature\">Acceso Root<\/li><li class=\"w-pricing-item-feature\">1 IPV4 Incluida<\/li><li class=\"w-pricing-item-feature\">2 TB transferencia<\/li><\/ul><div class=\"w-pricing-item-footer\"><a class=\"w-btn style_solid color_light icon_none\" href=\"http:\/\/ultranetxxi.net\/acceso\/signup\/index\/c\/vps-linux-2\" style=\"font-size: 13px;\"><span class=\"w-btn-label\">Contratar<\/span><\/a><\/div><\/div><\/div><div class=\"w-pricing-item type_featured\"><div class=\"w-pricing-item-h\"><div class=\"w-pricing-item-header\"><h5 class=\"w-pricing-item-title\">Linux 4<\/h5><div class=\"w-pricing-item-price\">$56<small>USD<\/small><\/div><\/div><ul class=\"w-pricing-item-features\"><li class=\"w-pricing-item-feature\">4 Cores<\/li><li class=\"w-pricing-item-feature\">4 GB en RAM<\/li><li class=\"w-pricing-item-feature\">70 GB SSD<\/li><li class=\"w-pricing-item-feature\">Acceso Root<\/li><li class=\"w-pricing-item-feature\">1 IPV4 Incluida<\/li><li class=\"w-pricing-item-feature\">3TB Transferencia mensual<\/li><\/ul><div class=\"w-pricing-item-footer\"><a class=\"w-btn style_outlined color_primary icon_none\" href=\"http:\/\/ultranetxxi.net\/acceso\/signup\/index\/c\/vps-linux-4\" style=\"font-size: 13px;\"><span class=\"w-btn-label\">Contratar<\/span><\/a><\/div><\/div><\/div><div class=\"w-pricing-item type_default\"><div class=\"w-pricing-item-h\"><div class=\"w-pricing-item-header\"><h5 class=\"w-pricing-item-title\">Linux 8<\/h5><div class=\"w-pricing-item-price\">$112<small>USD<\/small><\/div><\/div><ul class=\"w-pricing-item-features\"><li class=\"w-pricing-item-feature\">6 Cores<\/li><li class=\"w-pricing-item-feature\">8 GB en RAM<\/li><li class=\"w-pricing-item-feature\">125 GB SSD<\/li><li class=\"w-pricing-item-feature\">Acceso Root<\/li><li class=\"w-pricing-item-feature\">1 IPV4 Incluida<\/li><li class=\"w-pricing-item-feature\">4TB Transferencia mensual<\/li><\/ul><div class=\"w-pricing-item-footer\"><a class=\"w-btn style_solid color_light icon_none\" href=\"http:\/\/ultranetxxi.net\/acceso\/signup\/index\/c\/vps-linux-8\" style=\"font-size: 13px;\"><span class=\"w-btn-label\">Contratar<\/span><\/a><\/div><\/div><\/div><\/div><\/div><\/div><\/div><div class=\"w-tabs-section\"><div class=\"w-tabs-section-header\"><div class=\"w-tabs-section-header-h\"><h5 class=\"w-tabs-section-title\">Servidores Windows<\/h5><div class=\"w-tabs-section-control\"><\/div><\/div><\/div><div class=\"w-tabs-section-content\"><div class=\"w-tabs-section-content-h i-cf\"><div class=\"w-pricing style_1 items_3\"><div class=\"w-pricing-item type_default\"><div class=\"w-pricing-item-h\"><div class=\"w-pricing-item-header\"><h5 class=\"w-pricing-item-title\">Windows 2<\/h5><div class=\"w-pricing-item-price\">$38<small>USD<\/small><\/div><\/div><ul class=\"w-pricing-item-features\"><li class=\"w-pricing-item-feature\">2 Cores<\/li><li class=\"w-pricing-item-feature\">2 GB en RAM<\/li><li class=\"w-pricing-item-feature\">35 GB SSD<\/li><li class=\"w-pricing-item-feature\">Acceso Admin<\/li><li class=\"w-pricing-item-feature\">1 IPV4 Incluida<\/li><li class=\"w-pricing-item-feature\">Windows Server 2012 Standard<\/li><li class=\"w-pricing-item-feature\">2TB Transferencia mensual<\/li><\/ul><div class=\"w-pricing-item-footer\"><a class=\"w-btn style_solid color_light icon_none\" href=\"http:\/\/ultranetxxi.net\/acceso\/signup\/index\/c\/vps-windows-2\" style=\"font-size: 13px;\"><span class=\"w-btn-label\">Contratar<\/span><\/a><\/div><\/div><\/div><div class=\"w-pricing-item type_featured\"><div class=\"w-pricing-item-h\"><div class=\"w-pricing-item-header\"><h5 class=\"w-pricing-item-title\">Windows 4<\/h5><div class=\"w-pricing-item-price\">$76<small>USD<\/small><\/div><\/div><ul class=\"w-pricing-item-features\"><li class=\"w-pricing-item-feature\">4 Cores<\/li><li class=\"w-pricing-item-feature\">4 GB en RAM<\/li><li class=\"w-pricing-item-feature\">70 GB SSD<\/li><li class=\"w-pricing-item-feature\">Acceso Admin<\/li><li class=\"w-pricing-item-feature\">1 IPV4 Incluida<\/li><li class=\"w-pricing-item-feature\">Windows Server 2012 Standard<\/li><li class=\"w-pricing-item-feature\">3TB Transferencia mensual<\/li><\/ul><div class=\"w-pricing-item-footer\"><a class=\"w-btn style_outlined color_primary icon_none\" href=\"http:\/\/ultranetxxi.net\/acceso\/signup\/index\/c\/vps-windows-4\" style=\"font-size: 13px;\"><span class=\"w-btn-label\">Contratar<\/span><\/a><\/div><\/div><\/div><div class=\"w-pricing-item type_default\"><div class=\"w-pricing-item-h\"><div class=\"w-pricing-item-header\"><h5 class=\"w-pricing-item-title\">Windows 8<\/h5><div class=\"w-pricing-item-price\">$169<small>USD<\/small><\/div><\/div><ul class=\"w-pricing-item-features\"><li class=\"w-pricing-item-feature\">6 Cores<\/li><li class=\"w-pricing-item-feature\">8 GB en RAM<\/li><li class=\"w-pricing-item-feature\">125 GB SSD<\/li><li class=\"w-pricing-item-feature\">Acceso Admin<\/li><li class=\"w-pricing-item-feature\">1 IPV4 Incluida<\/li><li class=\"w-pricing-item-feature\">Windows Server 2012 Standard<\/li><li class=\"w-pricing-item-feature\">4TB Transferencia mensual<\/li><\/ul><div class=\"w-pricing-item-footer\"><a class=\"w-btn style_solid color_light icon_none\" href=\"http:\/\/ultranetxxi.net\/acceso\/signup\/index\/c\/vps-windows-8\" style=\"font-size: 13px;\"><span class=\"w-btn-label\">Contratar<\/span><\/a><\/div><\/div><\/div><\/div><\/div><\/div><\/div><\/div><\/div><\/div><div class=\"wpb_text_column \"><div class=\"wpb_wrapper\"><em>*El servicio se factura de forma mensual en pesos mexicanos. Virtualizaci\u00f3n basada en KVM &#8211; Red p\u00fablica con velocidad a 1Gbps. Contamos con servidores dedicados y virtuales administrados.<\/em><\/div> <\/div> <\/div><\/div><\/div><div class=\"vc_col-sm-4 wpb_column vc_column_container\"><div class=\"vc_column-inner\"><div class=\"wpb_wrapper\"><div class=\"wpb_text_column \"><div class=\"wpb_wrapper\">\n<h5>Ventajas:<\/h5>\n<ul>\n<li>Migraci\u00f3n gratis de p\u00e1gina web tradicional desde su proveedor de hospedaje actual.<\/li>\n<li>Transferencia mensual <strong>incluida<\/strong>.<\/li>\n<li>M\u00e1ximo desempe\u00f1o para sus aplicaciones o sitios web.<\/li>\n<li>Almacenamiento local SSD<\/li>\n<li>Opci\u00f3n de unidades de almacenamiento en bloque de alta disponibilidad de hasta 1 TB basado en Ceph con costo de .20 USD por GB.<\/li>\n<li>Facturaci\u00f3n mensual, sin permanencia m\u00ednima.<\/li>\n<li>Ahorro del 15% al contratar 12 meses.<\/li>\n<li><strong>Ahorro del 20%<\/strong> al contratar 24 meses.<\/li>\n<li>Opcional protecci\u00f3n <strong>Anti-DDoS de hasta 500 Gbps<\/strong><\/li>\n<\/ul>\n<\/div> <\/div> <div class=\"wpb_text_column \"><div class=\"wpb_wrapper\">\n<h5>\u00bfDesea un plan a la medida?<\/h5>\n<p>Por favor cont\u00e1ctenos para ayudarle.<br \/>\nContamos con capacidades de hasta 256 GB en RAM y 21 TB en almacenamiento.<\/p>\n<h5>\u00bfYa conoce nuestra soluci\u00f3n de Nube Privada con tecnolog\u00eda VMware?<\/h5>\n<p>Cont\u00e1ctenos para conocer m\u00e1s detalles.<br \/>\nTel\u00e9fono en la Ciudad de M\u00e9xico: (55) 6641 4401<\/div> <\/div> <\/div><\/div><\/div><\/div><\/div><\/div><\/div><\/div><\/div><\/section><section class=\"l-section wpb_row height_medium color_primary with_img parallax_fixed with_overlay\"><div class=\"l-section-img\" style=\"background-image: url(https:\/\/ultranetxxi.net\/sitio\/wp-content\/uploads\/2014\/05\/datacenter.jpg);\" data-img-width=\"1920\" data-img-height=\"545\"><\/div><div class=\"l-section-overlay\" style=\"background-color: rgba(0,0,0,0.4)\"><\/div><div class=\"l-section-h i-cf\"><div class=\"g-cols type_default\"><div class=\"vc_col-sm-12 wpb_column vc_column_container\"><div class=\"vc_column-inner\"><div class=\"wpb_wrapper\"><div class=\"wpb_text_column \"><div class=\"wpb_wrapper\">\n<div class=\"w-actionbox color_primary controls_aside\">\n<h3>Contrate ahora mismo.<\/h3>\n<p>Contamos con pago en l\u00ednea, transferencia o dep\u00f3sito. Elija el plan Cloud\u00a0que mejor se ajusta a sus necesidades:<\/p>\n<form name=\"form1\"><select style=\"font-size: 14px; color: #006699; font-family: verdana; background-color: #ffffff;\" name=\"menu\" onchange=\"window.open(document.form1.menu.options&#091;document.form1.menu.selectedIndex&#093;.value);\"><option value=\"\">Elija el plan ideal y contrate ahora<\/option><option value=\"http:\/\/ultranetxxi.net\/acceso\/signup\/index\/c\/vps-linux-2\">Linux 2 &#8211; 2GB en RAM y 35 GB en SSD.<\/option><option value=\"http:\/\/ultranetxxi.net\/acceso\/signup\/index\/c\/vps-linux-4\">Linux 4 &#8211; 4GB en RAM y 70 GB en SSD.<\/option><option value=\"http:\/\/ultranetxxi.net\/acceso\/signup\/index\/c\/vps-linux-8\">Linux 8 &#8211; 8GB en RAM y 125 GB en SSD.<\/option><option value=\"http:\/\/ultranetxxi.net\/acceso\/signup\/index\/c\/vps-windows-2\">Windows 2 &#8211; 2GB en RAM y 35 GB en SSD.<\/option><option value=\"http:\/\/ultranetxxi.net\/acceso\/signup\/index\/c\/vps-windows-4\">Windows 4 &#8211; 4GB en RAM y 70 GB en SSD.<\/option><option value=\"http:\/\/ultranetxxi.net\/acceso\/signup\/index\/c\/vps-windows-8\">Windows 8 &#8211; 8GB en RAM y 125 GB en SSD.<\/option><\/select><\/form>\n<\/div>\n<\/div> <\/div> <\/div><\/div><\/div><\/div><\/div><\/section>\n","protected":false},"excerpt":{"rendered":"Servidores Virtuales\u00a0Cloud Logr\u00e9 m\u00e1xima eficiencia y seguridad para sus aplicaciones y sitios web con un entorno virtualizado. Con nuestra nueva oferta de servidores virtuales podr\u00e1 tener la seguridad de ejecutar sus aplicaciones o sitios web en la infraestructura m\u00e1s moderna...","protected":false},"author":1,"featured_media":0,"parent":0,"menu_order":0,"comment_status":"closed","ping_status":"closed","template":"","meta":[],"_links":{"self":[{"href":"https:\/\/ultranetxxi.net\/sitio\/wp-json\/wp\/v2\/pages\/3292"}],"collection":[{"href":"https:\/\/ultranetxxi.net\/sitio\/wp-json\/wp\/v2\/pages"}],"about":[{"href":"https:\/\/ultranetxxi.net\/sitio\/wp-json\/wp\/v2\/types\/page"}],"author":[{"embeddable":true,"href":"https:\/\/ultranetxxi.net\/sitio\/wp-json\/wp\/v2\/users\/1"}],"replies":[{"embeddable":true,"href":"https:\/\/ultranetxxi.net\/sitio\/wp-json\/wp\/v2\/comments?post=3292"}],"version-history":[{"count":52,"href":"https:\/\/ultranetxxi.net\/sitio\/wp-json\/wp\/v2\/pages\/3292\/revisions"}],"predecessor-version":[{"id":4121,"href":"https:\/\/ultranetxxi.net\/sitio\/wp-json\/wp\/v2\/pages\/3292\/revisions\/4121"}],"wp:attachment":[{"href":"https:\/\/ultranetxxi.net\/sitio\/wp-json\/wp\/v2\/media?parent=3292"}],"curies":[{"name":"wp","href":"https:\/\/api.w.org\/{rel}","templated":true}]}}